?
2, 587
Suppose 4 = 2*v, -3*f = -0*f + 5*v - 184. Let n = 2496 - 2473. Let j = n + f. List the prime factors of j.
3
Suppose 17*a + 1744 = 21*a. Let s(j) = 24*j - 10. Let m be s(-10). Let b = a + m. What are the prime factors of b?
2, 3, 31
Let c = 5082 + 26485. What are the prime factors of c?
31567
Let y(v) = v**3 + 2*v**2 - 3*v + 2. Let n be y(-3). Let a be (-1 - -1)/n - 418/(-11). Let l = a + -16. What are the prime factors of l?
2, 11
Let j(k) = -k**2 - 37*k - 68. Let r be j(-35). Suppose -r*o - 4*t = -t - 2410, 4*o = -2*t + 4820. List the prime factors of o.
5, 241
Suppose -13*c = -6470 + 18144. Let p = c - -1259. What are the prime factors of p?
19
Let n = 42 + 0. Let b(j) = 19 - n - 27 - 11*j. What are the prime factors of b(-12)?
2, 41
Let b be -291*28/(-12) + -4. Let q = b - 248. List the prime factors of q.
7, 61
Let w be 9/(108/(-40))*(-12)/10. List the prime factors of 111 - (-3 - w/(-4)).
113
What are the prime factors of 517946/18 - ((-5921)/279 - -21)?
5, 1151
Suppose 4*k - 722 = -2*h, -3*k = 3*h - 23 - 1066. Let j = h - 148. Let z = j + -107. What are the prime factors of z?
2, 5, 11
Let w be 10*(-3)/(-12)*2. Suppose 669 = 2*d - w*d. Let l = -3 - d. What are the prime factors of l?
2, 5, 11
Suppose 0 = -h + 4, 2*h - 9 = -w - 1. Let t be w + 0 + (233 - (3 + -4)). Let s = t - 167. What are the prime factors of s?
67
Let j = -132 + 129. Let v(y) = 63*y**2 + 5. List the prime factors of v(j).
2, 11, 13
Suppose -3*b + 15 = -6*b. Let y be -24*(b + 4) - -1. Let n = y + 4. What are the prime factors of n?
29
Let n be 0/((-9)/(-3) + -4). Suppose n = -2*i - 7 + 3. What are the prime factors of (3 - (-22)/(-6))*591/i?
197
Suppose 11*y - 40 - 147 = 0. Suppose h - 172 = -3*o, -y*h + 3*o - 359 = -19*h. List the prime factors of h.
11, 17
Let t(a) = 2*a + 6. Let d be t(-4). Let u(l) = -5*l + 120*l**2 - 54*l**2 - 8 - 49*l**2. List the prime factors of u(d).
2, 5, 7
Let u(s) be the first derivative of -5*s**2 + 128*s - 75. What are the prime factors of u(-14)?
2, 67
Let x(n) = 123*n - 151. Let t be x(16). Suppose -5*z + 193 = 3*g - t, 0 = 4*g + 5*z - 2675. List the prime factors of g.
5, 7, 19
Let s(t) = 7*t + 108. Let r be s(-15). Let d(n) = 100*n - 1. List the prime factors of d(r).
13, 23
Suppose -3*k + f - 3*f + 39984 = 0, 3*k - 21*f = 40122. What are the prime factors of k?
2, 3, 11, 101
Let n(t) = t**3 + 13*t**2 + 13*t + 30. Let j = 98 - 108. What are the prime factors of n(j)?
2, 5
Suppose 8*j - 3*i = 13*j - 38555, -3*j + 5*i + 23099 = 0. List the prime factors of j.
2, 41, 47
Suppose -3*m + 4*o = -6122, -5*o - 443 + 2490 = m. Suppose 0 = 4*s + 202 - m. List the prime factors of s.
2, 5, 23
What are the prime factors of (-12094)/(-10) + (8 - (-184)/(-10)) + 10?
3, 13, 31
Let f(n) = 33*n**2 + 4. Let o be f(3). Let t = 828 + -659. Let d = o - t. What are the prime factors of d?
2, 3, 11
Let s(u) = -3 + 3 - u + 15*u + 4*u**2 + 12. What are the prime factors of s(-12)?
2, 3, 5, 7
Suppose -5552 = -2*g - 3*d + 10056, -23480 = -3*g + 4*d. List the prime factors of g.
2, 977
Suppose 2*s = 3*h - 37280, -20289 = -2*h - 3*s + 4586. What are the prime factors of h?
2, 5, 11, 113
Let s(v) = 2*v**2 - 20*v - 82. List the prime factors of s(-21).
2, 5, 61
Let d(y) = 76*y + 193. What are the prime factors of d(19)?
1637
Suppose 22*f = 26*f. Suppose f = 5*c - 16*c + 4246. What are the prime factors of c?
2, 193
Suppose 253781 = -40*r + 834158 + 523143. What are the prime factors of r?
2, 3, 11, 19
Suppose 8*o + 178 = 418. Let q(r) = 4*r**2 - 71*r - 7. What are the prime factors of q(o)?
7, 11, 19
Let j(d) = 167*d**2 - 56*d - 1074. What are the prime factors of j(-14)?
2, 3, 5407
Let j be ((-147)/14)/(-7)*166. What are the prime factors of (2 - -5)/7*j?
3, 83
Let i = 3 - 21. Let p be -1 - (9/(i/(-160)) + -2). Let k = -60 - p. What are the prime factors of k?
19
List the prime factors of ((-6)/5)/(2 - (-510575)/(-255250)).
2, 1021
Let c be (4 + -1)*98/(-14). Let z = 26 + c. Suppose -a - 839 = -5*g, g - z*g = -2*a - 676. List the prime factors of g.
167
Let t be (-48)/6 - -13 - (2 + -63). Let m = 469 - 192. Let b = m - t. What are the prime factors of b?
211
Let z = 12769 + -6426. What are the prime factors of z?
6343
Suppose -2*i = z + 3*z - 1368, 2*i = 3*z - 1026. Suppose -3*y = 3*c - z, -2*y - 349 = -3*c + 2*y. What are the prime factors of c?
5, 23
Let l(w) = 1147*w**2 - 59*w + 188. What are the prime factors of l(6)?
2, 20563
Let d = 70 + -70. Let z be (d/((-1 - 3)*1))/1. Suppose -3*b + 9*b - 30 = z. What are the prime factors of b?
5
Let u be (-5 + (2 - -9))*3. Suppose 12208 = 32*s - u*s. What are the prime factors of s?
2, 109
Suppose -4*t + 2*t = 3*i - 11322, -t + 2*i + 5661 = 0. What are the prime factors of t?
3, 17, 37
Let f(w) = -w**3 + 3*w**2 + 10*w + 4. Let h be f(5). What are the prime factors of (h + 10*-1)/((-14)/301)?
3, 43
Let i(j) be the third derivative of 0*j + 0 - 2/3*j**3 + 1/15*j**5 - 16*j**2 - 1/8*j**4 + 1/120*j**6. What are the prime factors of i(4)?
2, 7
Let j(s) = 23 - 10*s - 60*s + 64. What are the prime factors of j(-4)?
367
Let y = 3518 + -3514. Suppose 0 = -2*t - 5*l + 4*l + 64, -78 = -3*t + 3*l. Suppose -y*r = r - t. What are the prime factors of r?
2, 3
Let z(g) = 8*g**2 + 19*g - 7. Let c(s) = -2*s**2. Let i(m) = -3*c(m) + z(m). List the prime factors of i(5).
2, 3, 73
Let t(q) = -q**2 - 3*q + 4. Let h be t(-5). Let n be 2385/(-10) - 3/h. What are the prime factors of n/4*(-4 - -2)?
7, 17
Let i = 2949 - -24411. What are the prime factors of i?
2, 3, 5, 19
Let f be (0 + -2)*(-28)/8. Let o be (2/f)/((-6)/(-84)). Suppose o*s - 8*s + 228 = 0. What are the prime factors of s?
3, 19
Let o = -60 + 64. Suppose 140 = -0*y + o*y. List the prime factors of y.
5, 7
Suppose 2*o - 2187 = -3*p, 6 = p - 3*p. Suppose o = 22*r - 13*r. What are the prime factors of r?
2, 61
What are the prime factors of 10 - (-4 - (19 + 30364))?
113, 269
Let n(v) = -5*v**3 + 8*v**2 - 9*v + 41. Let h be n(8). Let a = 2972 + h. List the prime factors of a.
19, 47
Let g(b) = 2933*b - 772. Let z be g(4). Let m(x) = -x + 1. Let u be m(3). List the prime factors of z/90 + u/(-9).
2, 61
Let f(l) = 2*l**2 + 10*l + 31. Let c be f(-6). Suppose c*d + 254 = 45*d. What are the prime factors of d?
127
Let t(w) = 39*w**2 - 145*w + 44. What are the prime factors of t(-13)?
2, 3, 5, 71
Let v be (-16)/6 - (-4)/6. Let w be (9/(-6))/((-10)/(-8) + v). What are the prime factors of w/(-1) + (-303)/(-3)?
3, 11
Let n = 2345 - 2231. Suppose -2*f - 42 = -254. Suppose 4*j - f - n = 0. What are the prime factors of j?
5, 11
Let i(v) = -v**3 - 9*v**2 + 9. Let n be i(-9). Suppose -17 = -n*m + 28. Suppose 3*r = w - 169, 8 = -m*r - 7. What are the prime factors of w?
2, 5
Suppose -14 + 8 = -2*s. Let w be -2*4/((-12)/s) + 80. Suppose w = u - 28. List the prime factors of u.
2, 5, 11
Let l(a) be the first derivative of 11*a - 1/3*a**3 - 10 - 8*a**2. What are the prime factors of l(-8)?
3, 5
Suppose -n - j + 42 = -34, -n - 4*j = -64. What are the prime factors of (28 - 25)*(-1 + n)?
3, 79
Suppose -c = -5*u - 3 - 21, -4*c = 3*u - 50. Suppose -c*t + 3684 = -2*t. Let w = -163 + t. What are the prime factors of w?
2, 3
Suppose 0 = 4*o + 20, 84992 = 3*i - 2*o - 100412. What are the prime factors of i?
2, 11, 53
Let x(q) = 558*q**2 + 3*q + 149. List the prime factors of x(-5).
2, 7, 503
Suppose -10*w = -12*w + 5*u + 12289, 4*w - 24543 = 3*u. What are the prime factors of w?
2, 3, 7, 73
Suppose -5*a + 4 = 5*p - 6, -3*a + 3*p - 6 = 0. Suppose 3*g + o - 947 = a, 13*g - 15*g + 5*o = -654. List the prime factors of g.
317
Suppose 654*b = 660*b - 39456. What are the prime factors of b?
2, 3, 137
Suppose z = 6, -5*r + z = -19094 - 19035. What are the prime factors of r?
29, 263
Let o = 4628 - -6853. Suppose 13303 = 16*n - o. What are the prime factors of n?
1549
Suppose -2*z + 69 = 5*d, -z + 42 = 3*d - 0*d. Suppose d*q = 7*q + 5320. List the prime factors of q.
5, 7, 19
Let a(b) = 5*b**3 - 13*b**2 - 25*b + 46. Let h(d) = d**3 + d**2 - d + 1. Let o(u) = a(u) - 6*h(u). What are the prime factors of o(-18)?
2, 29
Let z(i) = 162*i**2 - 138*i - 263. What are the prime factors of z(17)?
11, 4019
Suppose 58*g = 55*g + 957. Suppose 5*a = -3*k + 9 + g, 2*k - 5*a = 252. Suppose 0*l - k = -2*l. What are the pr